 what is 1 - -12211042?
12211043
In base 8, what is -425763 - 1?
-425764
In base 15, what is -5 + 48b06?
48b01
In base 7, what is -6551 - 0?
-6551
In base 14, what is 75 - -6c3?
758
In base 11, what is -8 + -1332?
-133a
In base 13, what is 0 + 92b8?
92b8
In base 16, what is -13c + 404a?
3f0e
In base 11, what is 118 - -127?
244
In base 9, what is 8733 + -18?
8714
In base 13, what is -15b + 437?
2a9
In base 14, what is -49 + d?
-3a
In base 2, what is -1100101 - -11010?
-1001011
In base 7, what is 1140 + -164?
643
In base 14, what is 58413 - a?
58407
In base 13, what is -58 - 2246?
-22a1
In base 4, what is 221 - -102030133?
102031020
In base 12, what is -3630 - -163?
-3489
In base 16, what is 14 - 698e?
-697a
In base 16, what is -b + 6747?
673c
In base 5, what is -4 + 3042332?
3042323
In base 10, what is -13 - 1782?
-1795
In base 9, what is 1 + -335458?
-335457
In base 16, what is -1e9 - 14?
-1fd
In base 16, what is -2c - dac?
-dd8
In base 14, what is 2d + -28c?
-25d
In base 2, what is -10 - 11011001010011011?
-11011001010011101
In base 11, what is -122 + -1969?
-1a90
In base 11, what is 25 - 4845?
-4820
In base 3, what is 0 - -1012011011?
1012011011
In base 14, what is -3 + -2783a3?
-2783a6
In base 4, what is -1200121211 - 2?
-1200121213
In base 12, what is -2 + -755b?
-7561
In base 7, what is -5 - 2556161?
-2556166
In base 14, what is 56d - 77?
4d6
In base 2, what is -1001010 + -100101100000?
-100110101010
In base 5, what is 101423 - -22?
102000
In base 13, what is 12 - 741?
-72c
In base 9, what is -366 + -84?
-461
In base 16, what is 4 + -b129?
-b125
In base 14, what is 0 + -12b939?
-12b939
In base 9, what is 5 + 4303?
4308
In base 6, what is -33 - 125142?
-125215
In base 2, what is 11010 - -11010101110000?
11010110001010
In base 11, what is -5402 + -110?
-5512
In base 13, what is -37a9 + -1?
-37aa
In base 3, what is -12210 - 100122111?
-100212021
In base 4, what is 322223300 - 0?
322223300
In base 4, what is 1111010 + -30?
1110320
In base 6, what is 3352 + 302?
4054
In base 4, what is -1132310 + 2023?
-1130221
In base 3, what is -10010011122 - 220?
-10010012112
In base 14, what is -a - 5d0a?
-5d16
In base 11, what is 271 - -77?
338
In base 9, what is -51860 - 2?
-51862
In base 16, what is -381 + d4?
-2ad
In base 5, what is 1 + 10024333?
10024334
In base 13, what is 377 - 1?
376
In base 16, what is a + d39?
d43
In base 11, what is -65198 - -5?
-65193
In base 8, what is -7 + -545353?
-545362
In base 7, what is -4600245 - 2?
-4600250
In base 9, what is 17 + 107681?
107708
In base 5, what is -2 - 3222211?
-3222213
In base 15, what is -42 - 6e61?
-6ea3
In base 7, what is -2151 - -1315?
-533
In base 14, what is -2b - -5534?
5507
In base 14, what is -1585 + a4?
-14c1
In base 3, what is -2221100211 - 10?
-2221100221
In base 10, what is -5 - 650598?
-650603
In base 16, what is -202 + bee?
9ec
In base 15, what is 9c2e - 2?
9c2c
In base 13, what is 49b - 36b?
130
In base 2, what is 1 - 1111001110000111?
-1111001110000110
In base 8, what is 426 + 236?
664
In base 8, what is 3476 + -1765?
1511
In base 10, what is -449436 - 4?
-449440
In base 11, what is -26a + 1372?
1103
In base 5, what is 114 + 31241030?
31241144
In base 4, what is -113230200 - -3?
-113230131
In base 7, what is -3 - 50265?
-50301
In base 13, what is -2547 - -2c?
-2518
In base 3, what is 11 - 20221212100?
-20221212012
In base 16, what is -2 + 2c26?
2c24
In base 7, what is 532040 - 22?
532015
In base 9, what is 5608 - 0?
5608
In base 11, what is 0 - -a182?
a182
In base 9, what is -13127 - 6?
-13134
In base 12, what is 14269 + -3?
14266
In base 16, what is -23 + 1df?
1bc
In base 12, what is b - 38a68?
-38a59
In base 2, what is 101011 - 100000111011?
-100000010000
In base 13, what is c7b + 140?
10bb
In base 10, what is 3836 + 115?
3951
In base 11, what is -56 + 232a?
2284
In base 10, what is -5 - 26988?
-26993
In base 16, what is -2a + -626?
-650
In base 10, what is 13108 + -10?
13098
In base 15, what is -650 + -6b2?
-d12
In base 9, what is -62183 - -32?
-62151
In base 3, what is 11 - 1210121222?
-1210121211
In base 4, what is 132 + -2002102?
-2001310
In base 7, what is 11334 + -101?
11233
In base 14, what is 5603 + -1?
5602
In base 13, what is 4694 - 5?
468c
In base 8, what is -5 - 323501?
-323506
In base 3, what is 112 + -111100222?
-111100110
In base 2, what is -111011000011110000 + 10?
-111011000011101110
In base 4, what is -1300101323 - -3?
-1300101320
In base 11, what is -3a11 + 2?
-3a0a
In base 3, what is 100020012 - -1122?
100021211
In base 6, what is -5 - 3005343?
-3005352
In base 10, what is -3354 + 7?
-3347
In base 4, what is 23 + -20103233?
-20103210
In base 13, what is 1b - -461b?
4639
In base 3, what is 2202221 - 110111?
2022110
In base 3, what is 20 + -2112002010211?
-2112002010121
In base 15, what is 4 - -1aaa?
1aae
In base 14, what is 84c0 - -2b?
850b
In base 14, what is -3685 + 31?
-3654
In base 9, what is -516 - 287?
-814
In base 3, what is -1 + 1111010211020?
1111010211012
In base 14, what is 3610 - -7c?
368c
In base 12, what is -48 + 266?
21a
In base 11, what is -723 + 282?
-451
In base 13, what is c4 + -60c4?
-6000
In base 15, what is 39 + -6c06?
-6bbc
In base 11, what is -721 - -15?
-707
In base 10, what is 83 - -62?
145
In base 9, what is 315046 + -1?
315045
In base 11, what is 45 - 1489?
-1444
In base 7, what is -10600101 + 4?
-10600064
In base 10, what is -3 + 305462?
305459
In base 13, what is -5 + -11c?
-124
In base 3, what is -12221100 - 1?
-12221101
In base 12, what is 31 + 7b?
b0
In base 9, what is 1 - -152716?
152717
In base 11, what is 6 - -436?
441
In base 5, what is 1310044 - 2?
1310042
In base 15, what is -5 + -ec84?
-ec89
In base 15, what is -5 + 9e9e?
9e99
In base 12, what is 819 - -87?
8a4
In base 2, what is -10010 + 1010101001101?
1010100111011
In base 7, what is -421 + -43453?
-44204
In base 9, what is 285 + -313?
-17
In base 7, what is 42 - -332?
404
In base 13, what is -190 - b?
-19b
In base 5, what is 1040 - 20311?
-14221
In base 8, what is 5124 - 1616?
3306
In base 16, what is 26d - 203?
6a
In base 3, what is -2102110 + -201201?
-10011011
In base 9, what is 15 - 73247?
-73232
In base 16, what is 202 - -1?
203
In base 5, what is 10 - -34132114?
34132124
In base 16, what is -16 - 7418?
-742e
In base 7, what is -1 + -555126?
-555130
In base 11, what is 8340 - 7?
8334
In base 8, what is 405253 + -2?
405251
In base 15, what is -5 - 2297?
-229c
In base 6, what is -25205 - -35?
-25130
In base 10, what is -1752518 - -4?
-1752514
In base 14, what is a0 - 3a1?
-301
In base 10, what is -34 + -7547?
-7581
In base 6, what is 1155 + 330?
1525
In base 11, what is -a - 260387?
-260396
In base 14, what is b + -421d2?
-421c5
In base 5, what is -20213 + 233?
-14430
In base 11, what is 134449 - 0?
134449
In base 7, what is 1120562 - -3?
1120565
In base 7, what is 24 - 1353?
-1326
In base 8, what is -20757 - 2?
-20761
In base 12, what is 7078a + 15?
707a3
In base 11, what is -4630 + -23?
-4653
In base 11, what is -7221 + 2?
-721a
In base 12, what is 907 + 64?
96b
In base 7, what is 22662365 + -1?
22662364
In base 7, what is -11024341 + -2?
-11024343
In base 11, what is -8 - 40a34?
-40a41
In base 5, what is -10 + 11011044?
11011034
In base 15, what is -9aa - -213?
-797
In base 8, what is -1323 - -12071?
10546
In base 12, what is -2 - 1404b?
-14051
In base 12, what is -2727 + 2?
-2725
In base 8, what is 23265 + -220?
23045
In base 16, what is -17960 - 0?
-17960
In base 2, what is 1110001110 + -11111100111?
-10001011001
In base 15, what is -20 - 22c4?
-22e4
In base 5, what is 44 - 40003?
-34404
In base 14, what is c8ca + 5?
c8d1
In base 11, what is 5 + -465?
-460
In base 2, what is 1010001 + -100101110010111?
-100101101000110
In base 6, what is -111140 + 12?
-111124
In base 2, what is -10000110000011100011 + 11?
-10000110000011100000
In base 3, what is -2 - -1011122202?
1011122200
In base 5, what is 3232 + -3?
3224
In base 4, what is 3 + -13231012?
-13231003
In base 7, what is 113 + -34536?
-34423
In base 11, what is 4 + -5218?
-5214
In base 6, what is -515234 - -1?
-515233
In base 8, what is 43 + -1473?
-1430
In base 5, what is 13 + -30344?
-30331
In base 3, what is 10121010 + 102?
10121112
In base 3, what is -2 - 10101102101?
-10101102110
In base 13, what is -1b83